t the prime factors of 29359403.
41, 53, 59, 229
What are the prime factors of 1760125?
5, 14081
What are the prime factors of 988595?
5, 163, 1213
What are the prime factors of 198388?
2, 49597
List the prime factors of 1823359.
53, 34403
List the prime factors of 6146877.
3, 11, 17, 10957
List the prime factors of 203285.
5, 109, 373
What are the prime factors of 6317272?
2, 13, 19, 23, 139
List the prime factors of 5560527.
3, 7, 264787
List the prime factors of 7562012.
2, 883, 2141
List the prime factors of 61855.
5, 89, 139
List the prime factors of 4848742.
2, 29, 41, 2039
List the prime factors of 11458324.
2, 23, 269, 463
What are the prime factors of 297770?
2, 5, 11, 2707
List the prime factors of 30407623.
30407623
List the prime factors of 65137.
53, 1229
List the prime factors of 7258458.
2, 3, 739, 1637
List the prime factors of 114563.
17, 23, 293
What are the prime factors of 7220582?
2, 31, 116461
List the prime factors of 12038924.
2, 17, 177043
List the prime factors of 830403.
3, 7, 269
What are the prime factors of 278756?
2, 227, 307
List the prime factors of 259996.
2, 11, 19, 311
List the prime factors of 1186999.
11, 29, 61
What are the prime factors of 3935842?
2, 61, 32261
List the prime factors of 207218.
2, 11, 9419
List the prime factors of 2204505.
3, 5, 48989
List the prime factors of 1332438.
2, 3, 222073
List the prime factors of 1126446.
2, 3, 197, 953
List the prime factors of 970765.
5, 31, 6263
List the prime factors of 4010107.
151, 26557
List the prime factors of 2649037.
19, 139423
What are the prime factors of 3248853?
3, 17, 63703
What are the prime factors of 21365895?
3, 5, 29, 49117
List the prime factors of 1362417.
3, 7, 64877
What are the prime factors of 3136584?
2, 3, 11, 109
List the prime factors of 5029481.
73, 68897
List the prime factors of 13537221.
3, 4512407
List the prime factors of 918165.
3, 5, 61211
What are the prime factors of 984697?
7, 41, 47, 73
List the prime factors of 409174.
2, 204587
What are the prime factors of 415332?
2, 3, 83, 139
What are the prime factors of 34405089?
3, 487, 23549
List the prime factors of 1413807.
3, 37, 47, 271
What are the prime factors of 340195?
5, 19, 3581
What are the prime factors of 2162489?
7, 308927
What are the prime factors of 841392?
2, 3, 5843
What are the prime factors of 6118746?
2, 3, 479, 2129
List the prime factors of 716549.
716549
What are the prime factors of 278376?
2, 3, 7, 1657
List the prime factors of 10291222.
2, 17, 53, 5711
List the prime factors of 436307.
436307
What are the prime factors of 7223620?
2, 5, 31, 61, 191
What are the prime factors of 194246?
2, 13, 31, 241
What are the prime factors of 477419?
281, 1699
List the prime factors of 2500191.
3, 19, 14621
What are the prime factors of 57151?
67, 853
What are the prime factors of 205265?
5, 61, 673
List the prime factors of 115649.
109, 1061
List the prime factors of 557403.
3, 7, 11, 19, 127
What are the prime factors of 26955511?
11, 79, 31019
What are the prime factors of 358412?
2, 89603
List the prime factors of 321703.
389, 827
What are the prime factors of 434824?
2, 13, 37, 113
What are the prime factors of 8923565?
5, 7, 254959
List the prime factors of 148664.
2, 18583
What are the prime factors of 861508?
2, 37, 5821
List the prime factors of 492267.
3, 164089
What are the prime factors of 981246?
2, 3, 7, 61, 383
What are the prime factors of 344837?
419, 823
What are the prime factors of 1888909?
11, 171719
What are the prime factors of 65060?
2, 5, 3253
What are the prime factors of 343495?
5, 68699
What are the prime factors of 2442276?
2, 3, 179, 379
List the prime factors of 300248.
2, 13, 2887
List the prime factors of 177003.
3, 71, 277
What are the prime factors of 236511?
3, 11, 2389
List the prime factors of 10944417.
3, 11, 41, 8089
List the prime factors of 575372.
2, 7, 20549
What are the prime factors of 174881?
7, 43, 83
What are the prime factors of 5166311?
5166311
List the prime factors of 27395946.
2, 3, 113, 13469
List the prime factors of 829286.
2, 414643
What are the prime factors of 10225322?
2, 5112661
List the prime factors of 574285.
5, 331, 347
What are the prime factors of 571897?
17, 33641
List the prime factors of 2166077.
2166077
What are the prime factors of 759749?
293, 2593
What are the prime factors of 22078444?
2, 17, 71, 269
List the prime factors of 3761900.
2, 5, 37619
What are the prime factors of 98362?
2, 11, 17, 263
List the prime factors of 4137876.
2, 3, 114941
List the prime factors of 1110537.
3, 41131
List the prime factors of 178335.
3, 5, 1321
List the prime factors of 6872398.
2, 13, 264323
What are the prime factors of 11836186?
2, 5918093
List the prime factors of 942570.
2, 3, 5, 3491
What are the prime factors of 282343?
331, 853
List the prime factors of 1043895.
3, 5, 69593
What are the prime factors of 529235?
5, 7, 15121
List the prime factors of 1676351.
19, 83, 1063
What are the prime factors of 4467377?
4467377
What are the prime factors of 511450?
2, 5, 53, 193
List the prime factors of 132816.
2, 3, 2767
List the prime factors of 532016.
2, 41, 811
List the prime factors of 1864983.
3, 19, 32719
What are the prime factors of 30936?
2, 3, 1289
What are the prime factors of 1067017?
7, 313, 487
List the prime factors of 151363.
23, 6581
What are the prime factors of 65628?
2, 3, 1823
List the prime factors of 505782.
2, 3, 28099
List the prime factors of 15385469.
11, 547, 2557
List the prime factors of 14889297.
3, 17, 137, 2131
What are the prime factors of 4719619?
19, 248401
What are the prime factors of 256868?
2, 64217
List the prime factors of 5556489.
3, 1852163
What are the prime factors of 494374?
2, 151, 1637
List the prime factors of 160132.
2, 7, 19, 43
List the prime factors of 2265613.
7, 46237
List the prime factors of 240879.
3, 23, 3491
List the prime factors of 165288.
2, 3, 71, 97
What are the prime factors of 1066140?
2, 3, 5, 5923
List the prime factors of 3300691.
3300691
What are the prime factors of 6020491?
6020491
What are the prime factors of 85746?
2, 3, 31, 461
List the prime factors of 473650.
2, 5, 9473
List the prime factors of 164064.
2, 3, 1709
What are the prime factors of 3610526?
2, 1805263
What are the prime factors of 329820?
2, 3, 5, 23, 239
List the prime factors of 20463450.
2, 3, 5, 7, 19489
What are the prime factors of 1225452?
2, 3, 102121
List the prime factors of 32914.
2, 7, 2351
List the prime factors of 336455.
5, 7, 9613
List the prime factors of 1807485.
3, 5, 41, 2939
List the prime factors of 3726006.
2, 3, 53, 11717
What are the prime factors of 1500796?
2, 11, 23, 1483
List the prime factors of 828599.
31, 26729
What are the prime factors of 16041588?
2, 3, 1336799
What are the prime factors of 3923636?
2, 980909
What are the prime factors of 541388?
2, 135347
List the prime factors of 1554923.
43, 36161
List the prime factors of 548503.
548503
What are the prime factors of 3534432?
2, 3, 11, 3347
What are the prime factors of 361812?
2, 3, 11, 2741
What are the prime factors of 209637?
3, 23293
What are the prime factors of 2909858?
2, 7, 207847
List the prime factors of 185574.
2, 3, 157, 197
What are the prime factors of 1321889?
967, 1367
List the prime factors of 585749.
585749
What are the prime factors of 3401032?
2, 41, 10369
List the prime factors of 3318373.
3318373
List the prime factors of 135975.
3, 5, 7, 37
List the prime factors of 101932.
2, 17, 1499
List the prime factors of 80583.
3, 26861
List the prime factors of 22345800.
2, 3, 5, 37243
What are the prime factors of 4749225?
3, 5, 13, 4871
What are the prime factors of 8181507?
3, 313, 8713
What are the prime factors of 15298967?
107, 142981
List the prime factors of 1867399.
17, 109847
What are the prime factors of 262585?
5, 52517
What are the prime factors of 36948574?
2, 13, 1421099
What are the prime factors of 253617?
3, 7, 13, 929
List the prime factors of 56828.
2, 14207
List the prime factors of 14636703.
3, 857, 5693
List the prime factors of 7472076.
2, 3, 37, 16829
List the prime factors of 959408.
2, 61, 983
What are the prime factors of 24775969?
223, 111103
List the prime factors of 246640.
2, 5, 3083
List the prime factors of 230424.
2